lculate the remainder when 22111 is divided by 7366.
13
Calculate the remainder when 12319 is divided by 184.
175
What is the remainder when 195117 is divided by 293?
272
What is the remainder when 13259 is divided by 22?
15
What is the remainder when 9257 is divided by 661?
3
What is the remainder when 104848 is divided by 264?
40
What is the remainder when 740 is divided by 110?
80
Calculate the remainder when 1465786 is divided by 1361.
1350
Calculate the remainder when 11513 is divided by 3829.
26
Calculate the remainder when 798 is divided by 341.
116
Calculate the remainder when 417794 is divided by 149.
147
Calculate the remainder when 72125 is divided by 7210.
25
Calculate the remainder when 8161 is divided by 302.
7
Calculate the remainder when 174 is divided by 146.
28
Calculate the remainder when 9105 is divided by 260.
5
Calculate the remainder when 17430 is divided by 8676.
78
What is the remainder when 19712 is divided by 9787?
138
What is the remainder when 204287 is divided by 204172?
115
What is the remainder when 1009 is divided by 18?
1
What is the remainder when 4513 is divided by 296?
73
Calculate the remainder when 3975 is divided by 171.
42
What is the remainder when 3740 is divided by 139?
126
Calculate the remainder when 1082222 is divided by 13.
11
What is the remainder when 655 is divided by 70?
25
What is the remainder when 22832 is divided by 5696?
48
What is the remainder when 22561 is divided by 53?
36
What is the remainder when 129977 is divided by 357?
29
What is the remainder when 203374 is divided by 2748?
22
Calculate the remainder when 10003 is divided by 102.
7
What is the remainder when 6327 is divided by 5690?
637
What is the remainder when 67011 is divided by 397?
315
Calculate the remainder when 6479797 is divided by 1810.
1807
What is the remainder when 2315 is divided by 24?
11
Calculate the remainder when 7079 is divided by 3468.
143
What is the remainder when 1394 is divided by 94?
78
What is the remainder when 144795 is divided by 93?
87
What is the remainder when 186532 is divided by 23316?
4
Calculate the remainder when 101763 is divided by 15.
3
Calculate the remainder when 877 is divided by 471.
406
Calculate the remainder when 17539 is divided by 21.
4
Calculate the remainder when 85563 is divided by 42761.
41
Calculate the remainder when 7014 is divided by 230.
114
What is the remainder when 8953 is divided by 20?
13
What is the remainder when 3734 is divided by 88?
38
Calculate the remainder when 7000 is divided by 1712.
152
What is the remainder when 9607 is divided by 43?
18
Calculate the remainder when 7906 is divided by 2634.
4
Calculate the remainder when 1572 is divided by 31.
22
What is the remainder when 58944 is divided by 19596?
156
What is the remainder when 77100 is divided by 17?
5
Calculate the remainder when 6271 is divided by 1529.
155
What is the remainder when 4739 is divided by 1571?
26
Calculate the remainder when 3346 is divided by 3149.
197
Calculate the remainder when 40344 is divided by 3667.
7
What is the remainder when 12534 is divided by 110?
104
What is the remainder when 56917 is divided by 358?
353
What is the remainder when 32927 is divided by 1566?
41
Calculate the remainder when 4545 is divided by 2237.
71
Calculate the remainder when 837 is divided by 409.
19
Calculate the remainder when 2852 is divided by 687.
104
Calculate the remainder when 5276 is divided by 16.
12
Calculate the remainder when 1669230 is divided by 331.
328
What is the remainder when 24751 is divided by 115?
26
What is the remainder when 9764 is divided by 83?
53
What is the remainder when 52814 is divided by 21?
20
Calculate the remainder when 4161 is divided by 63.
3
Calculate the remainder when 393218 is divided by 98304.
2
Calculate the remainder when 2151 is divided by 20.
11
What is the remainder when 61552 is divided by 11?
7
What is the remainder when 4691 is divided by 143?
115
What is the remainder when 1813 is divided by 270?
193
What is the remainder when 1048089 is divided by 12?
9
Calculate the remainder when 9967 is divided by 5.
2
What is the remainder when 84003 is divided by 234?
231
What is the remainder when 35291 is divided by 30?
11
What is the remainder when 43732 is divided by 1987?
18
What is the remainder when 2933948 is divided by 421?
420
What is the remainder when 26453 is divided by 74?
35
Calculate the remainder when 11646 is divided by 3866.
48
Calculate the remainder when 62914 is divided by 5.
4
What is the remainder when 68595 is divided by 9796?
23
Calculate the remainder when 120063 is divided by 1291.
0
Calculate the remainder when 599 is divided by 370.
229
Calculate the remainder when 38950 is divided by 201.
157
Calculate the remainder when 19760 is divided by 244.
240
What is the remainder when 255009 is divided by 1004?
997
What is the remainder when 1336 is divided by 457?
422
What is the remainder when 29554 is divided by 2664?
250
Calculate the remainder when 21877 is divided by 7269.
70
What is the remainder when 1374797 is divided by 20?
17
What is the remainder when 54976 is divided by 18221?
313
Calculate the remainder when 2162 is divided by 2128.
34
Calculate the remainder when 6340 is divided by 6288.
52
Calculate the remainder when 40526 is divided by 52.
18
Calculate the remainder when 30984 is divided by 6101.
479
Calculate the remainder when 22620 is divided by 1884.
12
What is the remainder when 590390 is divided by 24599?
14
What is the remainder when 73382 is divided by 73382?
0
Calculate the remainder when 134680 is divided by 22446.
4
Calculate the remainder when 4233 is divided by 637.
411
What is the remainder when 199631 is divided by 24?
23
What is the remainder when 12622 is divided by 1261?
12
Calculate the remainder when 958647 is divided by 110.
107
What is the remainder when 140125 is divided by 556?
13
What is the remainder when 2765 is divided by 149?
83
Calculate the remainder when 59118 is divided by 29532.
54
Calculate the remainder when 834 is divided by 182.
106
Calculate the remainder when 139021 is divided by 408.
301
What is the remainder when 8367 is divided by 1327?
405
What is the remainder when 13736 is divided by 38?
18
What is the remainder when 4195 is divided by 27?
10
What is the remainder when 83286 is divided by 232?
230
What is the remainder when 1340 is divided by 1099?
241
Calculate the remainder when 2925 is divided by 264.
21
Calculate the remainder when 30573 is divided by 16.
13
Calculate the remainder when 182121 is divided by 4553.
1
Calculate the remainder when 196902 is divided by 228.
138
Calculate the remainder when 4218 is divided by 161.
32
What is the remainder when 234299 is divided by 426?
425
What is the remainder when 5965 is divided by 48?
13
Calculate the remainder when 8948 is divided by 429.
368
Calculate the remainder when 6847 is divided by 251.
70
What is the remainder when 8852 is divided by 329?
298
Calculate the remainder when 24134 is divided by 237.
197
Calculate the remainder when 15773 is divided by 322.
317
What is the remainder when 694 is divided by 31?
12
Calculate the remainder when 3523 is divided by 1011.
490
Calculate the remainder when 26896 is divided by 498.
4
What is the remainder when 49512 is divided by 15?
12
What is the remainder when 76758 is divided by 152?
150
Calculate the remainder when 6846 is divided by 50.
46
What is the remainder when 966 is divided by 254?
204
What is the remainder when 6345 is divided by 575?
20
Calculate the remainder when 1822657 is divided by 554.
551
Calculate the remainder when 4551 is divided by 180.
51
Calculate the remainder when 102512 is divided by 55.
47
Calculate the remainder when 2725 is divided by 126.
79
What is the remainder when 70148 is divided by 70097?
51
Calculate the remainder when 13506 is divided by 588.
570
What is the remainder when 9596 is divided by 575?
396
Calculate the remainder when 8245 is divided by 1039.
972
Calculate the remainder when 3079 is divided by 124.
103
What is the remainder when 458320 is divided by 298?
294
What is the remainder when 2999 is divided by 2961?
38
Calculate the remainder when 211272 is divided by 70402.
66
What is the remainder when 44036 is divided by 